{"id":286,"date":"2026-01-17T02:29:51","date_gmt":"2026-01-17T01:29:51","guid":{"rendered":"https:\/\/www.onsfag.ga\/siteweb\/?page_id=286"},"modified":"2026-03-12T13:01:35","modified_gmt":"2026-03-12T12:01:35","slug":"mot-du-directeur-general","status":"publish","type":"page","link":"https:\/\/www.onsfag.ga\/siteweb\/mot-du-directeur-general\/","title":{"rendered":"Mot du Directeur G\u00e9n\u00e9ral"},"content":{"rendered":"\n<p>Chers coll\u00e8gues, chers usagers, chers partenaires,<\/p>\n\n\n\n<p id=\"paragraph\">Le Gouvernement gabonais, conscient de la norme 3.2.2 de l\u2019Annexe 17 \u00e0 la Convention de Chicago relative \u00e0 l\u2019Aviation Civile, a adopt\u00e9 la loi n\u00b038\/2018 du 28 d\u00e9cembre 2018 qui cr\u00e9e l\u2019Office national de S\u00fbret\u00e9 et Facilitation des A\u00e9roports du Gabon ( ONSFAG), \u00e9tablissement public de droit gabonais jouissant de l\u2019autonomie administrative et financi\u00e8re, et plac\u00e9e sous la tutelle du Minist\u00e8re des Transports qui a la charge de l\u2019Aviation Civile au Gabon.<br><br>La mission de l\u2019Office consiste essentiellement \u00e0 assurer de mani\u00e8re exclusive, la coordination et la mise en \u0153uvre des mesures de s\u00fbret\u00e9 et facilitation aux a\u00e9roports ouverts \u00e0 la circulation a\u00e9rienne publique en R\u00e9publique gabonaise, pour la lutte contre les actes d\u2019intervention illicites dirig\u00e9s contre l\u2019Aviation Civile, conform\u00e9ment au Programme de s\u00fbret\u00e9 d\u2019A\u00e9roport (PSA).<br>Pour l\u2019accomplissement sans heurt de cette d\u00e9licate mission, des efforts significatifs sont consentis pour la formation de nos \u00e9quipes op\u00e9rationnelles dans les centres agr\u00e9\u00e9s de l\u2019Organisation de l\u2019Aviation Civile Internationale (OACI) qui y accorde une attention bienveillante.<\/p>\n\n\n\n<p><strong>G\u00e9n\u00e9ral de Brigade Justin ANDOUKA<\/strong><br><\/p>\n","protected":false},"excerpt":{"rendered":"<p>Chers coll\u00e8gues, chers usagers, chers partenaires, Le Gouvernement gabonais, conscient de la norme 3.2.2 de l\u2019Annexe 17 \u00e0 la Convention de Chicago relative \u00e0 l\u2019Aviation Civile, a adopt\u00e9 la loi n\u00b038\/2018 du 28 d\u00e9cembre 2018 qui cr\u00e9e l\u2019Office national de S\u00fbret\u00e9 et Facilitation des A\u00e9roports du Gabon ( ONSFAG), \u00e9tablissement public de droit gabonais jouissant [&hellip;]<\/p>\n","protected":false},"author":1,"featured_media":0,"parent":0,"menu_order":0,"comment_status":"closed","ping_status":"closed","template":"","meta":{"saved_in_kubio":false,"footnotes":""},"class_list":["post-286","page","type-page","status-publish","hentry"],"kubio_ai_page_context":{"short_desc":"","purpose":"general"},"_links":{"self":[{"href":"https:\/\/www.onsfag.ga\/siteweb\/wp-json\/wp\/v2\/pages\/286","targetHints":{"allow":["GET"]}}],"collection":[{"href":"https:\/\/www.onsfag.ga\/siteweb\/wp-json\/wp\/v2\/pages"}],"about":[{"href":"https:\/\/www.onsfag.ga\/siteweb\/wp-json\/wp\/v2\/types\/page"}],"author":[{"embeddable":true,"href":"https:\/\/www.onsfag.ga\/siteweb\/wp-json\/wp\/v2\/users\/1"}],"replies":[{"embeddable":true,"href":"https:\/\/www.onsfag.ga\/siteweb\/wp-json\/wp\/v2\/comments?post=286"}],"version-history":[{"count":3,"href":"https:\/\/www.onsfag.ga\/siteweb\/wp-json\/wp\/v2\/pages\/286\/revisions"}],"predecessor-version":[{"id":728,"href":"https:\/\/www.onsfag.ga\/siteweb\/wp-json\/wp\/v2\/pages\/286\/revisions\/728"}],"wp:attachment":[{"href":"https:\/\/www.onsfag.ga\/siteweb\/wp-json\/wp\/v2\/media?parent=286"}],"curies":[{"name":"wp","href":"https:\/\/api.w.org\/{rel}","templated":true}]}}